 remainder when m(7) is divided by r?
1
Suppose 5*b + u - 334 = 0, 8*u = 3*b + 6*u - 190. Calculate the remainder when 855 is divided by b.
63
Let m(j) = -4*j + 7. Let s = -2 - -8. Calculate the remainder when m(-2) is divided by s.
3
Let b(y) = -y**3 + 4*y**2 - y + 263. Calculate the remainder when b(0) is divided by 40.
23
Calculate the remainder when 698 is divided by (16 - 46)/((-3)/2).
18
Let t(r) = r + 7. Let d be (-9)/(-12)*4 + -2. Let q = -2 - d. What is the remainder when t(q) is divided by 2?
0
Let h(v) = 46*v - 7. What is the remainder when h(1) is divided by 11?
6
Let v(h) = -h**3 + 16*h**2 - 39*h - 1. What is the remainder when v(7) is divided by 85?
82
Suppose -13 - 3 = 4*j. Calculate the remainder when (-69)/(-6)*(-8)/j is divided by 8.
7
Suppose -1 + 15 = p. Suppose 8*x + p = 86. What is the remainder when 17 is divided by x?
8
Suppose 2180 = 6*n - 1246. Calculate the remainder when n is divided by 22.
21
Suppose -3*d - 4*q = -308, -5*d + q - 6*q = -520. Suppose -2*w - 135 = -5*i + 13, d = 4*i + w. What is the remainder when i is divided by 5?
3
Calculate the remainder when 418 is divided by (-42)/63 - (-424)/6.
68
Suppose -367 = -4*d - 5*t, -7*d = -12*d - t + 464. Calculate the remainder when 289 is divided by d.
10
Let w(c) = -4*c + 40. Let i be w(10). Suppose -4*l + o + 10 = -3*l, i = 4*l - 3*o - 42. What is the remainder when 21 is divided by l?
9
Calculate the remainder when 256 is divided by (-2290)/(-25) + -4 - (-2)/5.
80
Let s = 3 - -3. Suppose -s*j + 328 = -2*j. Let o = -3113 + 3141. Calculate the remainder when j is divided by o.
26
Suppose 0 = 3*h + 5*y - 0*y - 8, 2*y + 10 = 0. Suppose -h*k + 159 = 16. What is the remainder when 50 is divided by k?
11
Let x be 228/9 - (-5)/3. Let y = 46 + x. Calculate the remainder when y is divided by 19.
16
Suppose 5*y = 4*m - 477, -4*m - 13*y = -9*y - 504. What is the remainder when m is divided by 43?
37
Let b(i) = 0*i**2 - 2*i - 6*i + 9 + i**2 + 0. Calculate the remainder when 12 is divided by b(7).
0
Let j(d) = -9*d - 8. What is the remainder when 34 is divided by j(-1)?
0
Suppose 2*m = -2*m. Let z(f) = -15*f + 19 + 13*f + 1. What is the remainder when 37 is divided by z(m)?
17
Suppose 0 = -5*d + 4*g + 320, 5*g + 74 + 191 = 4*d. Suppose 7*v - d = 4*v. What is the remainder when v is divided by 11?
9
Let t = 54 + -51. Suppose 3*n + 39 - 105 = 0. Suppose -t - n = -5*h. What is the remainder when 13 is divided by h?
3
Suppose 0 = i + 2*m - 1, i = -m + 5*m + 7. Suppose -7*y = -i*y - 420. Calculate the remainder when y is divided by 27.
24
Suppose -y = 1, 0*s + 3*y = 3*s - 12. Let z(h) = -6*h + 2. Let i be z(s). Let w = -13 - i. Calculate the remainder when w is divided by 3.
0
Suppose -23 + 15 = -2*w. Suppose 113 = 5*m - 2*a, w*a + a = 4*m - 87. Calculate the remainder when 182 is divided by m.
21
Let u be (2/(-4))/(2/(-20)). Suppose 8*h - 20 = 100. Suppose 0 = -u*v + 310 + h. What is the remainder when v is divided by 17?
14
Let x = 37 + 2. Let a(y) = -3*y - 10. Calculate the remainder when x is divided by a(-10).
19
Suppose 0*y + 4*o = 4*y - 12, 0 = 3*o + 3. Suppose -y*w + 4*w - 8 = 0. What is the remainder when -4 + (-1 - 3) + 17 is divided by w?
1
What is the remainder when 82 is divided by (-88)/(-14) - (-16)/(-56) - -18?
10
What is the remainder when ((-64)/22 - -3) + 53360/253 is divided by 24?
19
Let r = -72 + 100. Let q(c) = c**3 + 8*c**2 + 3*c - 5. What is the remainder when q(-5) is divided by r?
27
Let w = -2 + 6. Suppose -5*c = 2*s - w*s + 23, 0 = 5*s + 2*c - 14. What is the remainder when 13 is divided by s?
1
Suppose 0 = 3*t + t + 8. Let u be (-1)/(2/6) - 19. Calculate the remainder when 58 is divided by 6/(-1 + t) - u.
18
Let f = 228 + -69. What is the remainder when f is divided by 32?
31
Suppose 20 = -4*c, -3*g + 3 + 2 = -c. Suppose g = 5*t - 2 - 8. Suppose 2*z = d + 3*z - 18, -3*z = t*d - 31. Calculate the remainder when 68 is divided by d.
22
Let d be (-3 - 61) + (-2 - 2 - -1). What is the remainder when 50 is divided by 1*(d/(-5) - (-2)/(-5))?
11
Let x(b) = 3*b**3 - 92*b**2 - 29*b + 23. Calculate the remainder when 1696 is divided by x(31).
81
Calculate the remainder when -3*(-70)/15 - 6 is divided by 4.
0
Suppose g - 2*s = 583, -4*g - 5*s + 73 + 2311 = 0. What is the remainder when g is divided by 54?
51
Suppose 2*r - 4 - 2 = 0. Calculate the remainder when (3975/100*2/3)/((-20)/(-40)) is divided by r.
2
Calculate the remainder when ((-4)/(-8))/(3 + 718/(-240)) is divided by 8.
4
Let q be (2 + -2 + 1)*1. Let x = q - -6. What is the remainder when (-114)/(-9) + 10/(-15) is divided by x?
5
Suppose 2*m + 191 = 53. Let z = m - -99. Calculate the remainder when 13 is divided by 12/z + (-99)/(-15).
6
Suppose 0 = 10*d - 3617 - 333. What is the remainder when d is divided by 66?
65
Suppose -9*y + 12*y - 159 = 0. Suppose -2*q = 1 - 5. Suppose 0 = -3*w + 9, q*w = -2*k + 1 + 33. What is the remainder when y is divided by k?
11
Let v be 2/(-10) - 6*(-35)/50. Calculate the remainder when 103 is divided by ((-9)/(-3) + -38)*(v + -5).
33
Suppose 2*l + 13 = 4*x + 3, l = -4*x + 25. Suppose -2*y - 125 = -x*u + 112, 98 = 2*u - 4*y. Calculate the remainder when 90 is divided by u.
43
Let j(b) = 3*b + 39. Let l be j(-12). Suppose 2*h - 137 = -l*h - c, -53 = -2*h - c. What is the remainder when h is divided by 10?
8
Let z(d) = -27*d - 3. Let h be z(-3). Suppose h = -4*m + 10*m. Calculate the remainder when 62 is divided by m.
10
Let u = 389 + -334. What is the remainder when 164 is divided by u?
54
Suppose -35*l - 10 = -30*l. Let f(n) = 9*n**2 + 4*n + 2. Calculate the remainder when 209 is divided by f(l).
29
Let v(i) be the first derivative of 154*i**3/3 + i**2 - i - 7. Let n be v(1). Suppose n = 5*p - 0*p. Calculate the remainder when p is divided by 8.
7
Let u = 81 - 6. Let h(d) = d**3 + 7*d**2 + 3*d + 8. What is the remainder when u is divided by h(-6)?
23
Let m(x) = x**2 - 9*x - 42. Calculate the remainder when m(15) is divided by 23.
2
Let j = -135 - -142. Calculate the remainder when 10 is divided by j.
3
Let z = -1112 - -1159. Calculate the remainder when 234 is divided by z.
46
Let s(g) = -g**2 + 14*g + 5. Let r(i) = -2*i - 13. Let v be r(-11). Let m = 33 + -20. Calculate the remainder when s(v) is divided by m.
11
Suppose 5*z = 276 + 54. Calculate the remainder when z is divided by 8.
2
Suppose 12*b + 20 = 7*b. Calculate the remainder when 102 is divided by (14/b*-5)/((-1)/(-2)).
32
What is the remainder when -3*6/9 - -71 is divided by 12?
9
Suppose -7*u + 9799 = 9484. Calculate the remainder when u is divided by 30.
15
Let u = -27 + 32. Suppose 14 = u*c - 3*v, 0 = 2*c - 4*c - 5*v + 18. Let j = c + -3. What is the remainder when 2 is divided by j?
0
Let d = 60 - 56. What is the remainder when 6/(-1 + (-5)/(-3)) is divided by d?
1
Suppose c + 4 = 7. Suppose -s = -c*s + 4. Suppose -2*b = -f - 122, 4*b - 183 = b - s*f. Calculate the remainder when b is divided by 21.
19
Suppose -70 = 17*q - 223. Calculate the remainder when q is divided by 4.
1
Suppose 0 = -5*d + k + 89, 3*d - 59 = -3*k + 5*k. Suppose -7*u = -516 - 310. What is the remainder when u is divided by d?
16
Suppose 3*i - 2*x - 68 = 0, 16*x = i + 11*x - 53. Calculate the remainder when i is divided by (-4)/(-10) - 96/(-10).
8
Calculate the remainder when (-6)/(-7) + (-53250)/(-350) is divided by 5.
3
Suppose 2*c + 5*j - 60 = 0, 0 = -6*c + 2*c - j + 84. Let d = -92 - -143. What is the remainder when d is divided by c?
11
Let w(k) = -3*k - 154. What is the remainder when 172 is divided by w(-53)?
2
Suppose 3*k + 137*c = 142*c + 84, 0 = -3*k - 5*c + 84. Calculate the remainder when 584 is divided by k.
24
Let u(x) = x**2 + 4*x - 6. Let m be u(-6). Let y(q) = 2*q**2 - 10*q + 8. Calculate the remainder when y(m) is divided by 20/(-50) - (1 - (-124)/(-10)).
9
Suppose 10*d - 2351 = 889. Calculate the remainder when d is divided by 65.
64
Let q = -2440 + 2460. Let z(d) = 15*d**2 - 2*d - 1. Let y be z(-1). Suppose y + q = 3*i. Calculate the remainder when i is divided by 4.
0
Suppose -2*i + 21 = h, -5*i + 1 = h - 59. Let n be 30/50 + i/(-5). Let q(p) = 5*p**2 + 1. What is the remainder when q(n) is divided by 6?
3
Suppose 19*w - 14028 = -9*w. Calculate the remainder when w is divided by 18.
15
Suppose -25*q = -61*q + 3